{"id":11,"date":"2017-01-25T17:31:25","date_gmt":"2017-01-25T17:31:25","guid":{"rendered":"http:\/\/HeinzKrimmer.com\/?page_id=11"},"modified":"2022-12-14T16:50:49","modified_gmt":"2022-12-14T16:50:49","slug":"ueber-mich","status":"publish","type":"page","link":"https:\/\/HeinzKrimmer.com\/?page_id=11","title":{"rendered":"\u00fcber mich"},"content":{"rendered":"<p><img loading=\"lazy\" decoding=\"async\" src=\"http:\/\/vg07.met.vgwort.de\/na\/3a41650e67984c17b6164f3ac4c7cc19\" alt=\"\" width=\"1\" height=\"1\" \/><\/p>\n<p><span style=\"font-size: 14px;\"><span style=\"font-family: tahoma,geneva,sans-serif;\"><span style=\"color: #262626;\">Vier Hauptthemen stehen im Fokus meines Interesses. Biologie mit dem Schwerpunkt Meeresbiologie, Fotografie\/Video, Geschichte und Archivierung. Klingt auf den ersten Blick sehr unterschiedlich, l\u00e4sst sich aber gut verbinden.<\/span><\/span><\/span><\/p>\n<p><span style=\"font-size: 14px;\"><span style=\"font-family: tahoma,geneva,sans-serif;\"><span style=\"color: #262626;\"><b>Biologie\/Meeresbiologie<\/b><\/span><\/span><\/span><\/p>\n<p><img decoding=\"async\" style=\"width: 100%; height: 100%;\" src=\"https:\/\/HeinzKrimmer.com\/wp-content\/uploads\/2017\/02\/Meeresschildkr\u00f6te_800x320.jpg\" alt=\"\" \/><\/p>\n<p><span style=\"font-size: 14px;\"><span style=\"font-family: tahoma,geneva,sans-serif;\"><span style=\"color: #262626;\">Schon als Kind und Jugendlicher war meine Begeisterung f\u00fcr Tiere nicht zu \u00fcbersehen. Zum Leidwesen meiner Eltern verwandelte ich mein Zimmer und gro\u00dfe Teile des Kellers in einen Zoo voller Fische und Reptilien. Fuhren wir in den Ferien ans Meer, verbrachte ich die meiste Zeit schnorchelnd im Wasser. 1982 begegnete ich im damals touristenfreien Sinai meinem ersten Korallenriff. Der Anfang einer langen noch heute andauernden Beziehung zwischen mir und diesem \u00d6kosystem. Ich hatte das Privileg hunderte von ihnen besuchen zu k\u00f6nnen. Die weit entfernten rauen Riffe des Ostpazifik vor der K\u00fcste Mittelamerikas ebenso wie die farbenfrohen im Korallendreieck. Das Rote Meer kenne ich wie meine Westentasche. Manchmal reiste ich auf eigene Faust, manchmal begleitete ich Biologen bei ihrer Arbeit. Das erlebte meiner tausenden von Schnorchel- und Tauchg\u00e4ngen dokumentierte ich mit der Kamera und seit ca. zehn Jahren auch auf Film. <i>\u201eEin Bild sagt mehr als 1000 Worte.\u201c<\/i> Aber nicht immer und deshalb blieb ich auch dem gesprochenen Wort und dem Schreiben treu. Ich interviewte Fischer, Umweltsch\u00fctzer, Meeresbiologen oder andere Taucher und hielt diese Informationen in meinen Notizb\u00fcchern fest. <\/span><\/span><\/span><\/p>\n<p><span style=\"font-size: 14px;\"><span style=\"font-family: tahoma,geneva,sans-serif;\"><span style=\"color: #262626;\">Die letzten 30 Jahre waren auch die Zeit, in der ca. 30% der weltweiten Korallenriffe unserer Ausbeutung der Natur zum Opfer fielen. Diese Zerst\u00f6rung mit zu erleben, wurde zum frustrierenden und schmerzhaften Teil meiner Recherchen. <\/span><\/span><\/span><\/p>\n<p><span style=\"font-size: 14px;\"><span style=\"font-family: tahoma,geneva,sans-serif;\"><span style=\"color: #262626;\"><b>Fotografie &amp; Film<\/b><\/span><\/span><\/span><\/p>\n<p><img decoding=\"async\" style=\"width: 100%; height: 100%;\" src=\"https:\/\/HeinzKrimmer.com\/wp-content\/uploads\/2017\/02\/66108-Mandarin.jpg\" alt=\"\" \/><\/p>\n<p><span style=\"font-size: 14px;\"><span style=\"font-family: tahoma,geneva,sans-serif;\"><span style=\"color: #262626;\">Lange bedauerte ich, dass ich nicht zeichnen konnte. M\u00f6chte man Tierarten so darstellen, dass ihre Erkennungsmerkmale deutlich zum Vorschein kommen, ist der Zeichenstift oft die bessere Wahl. Befreit von ablenkenden Hintergr\u00fcnden zeichnet man z.B. einen Fisch von der Se<\/span><\/span><\/span><span style=\"font-size: 14px;\"><span style=\"font-family: tahoma,geneva,sans-serif;\"><span style=\"color: #262626;\">ite mit optim<\/span><\/span><\/span><span style=\"font-size: 14px;\"><span style=\"font-family: tahoma,geneva,sans-serif;\"><span style=\"color: #262626;\">alen Flossenstellungen. Kleine aber wichtige Erkennungsmerkmale wie z.B. ein Stachel an den Kiemen kann man deutlich herausarbeiten. Der deutsche Biologe Ernst Haeckel war ein Meister dieses Faches. <\/span><\/span><\/span><\/p>\n<p><span style=\"font-size: 14px;\"><span style=\"font-family: tahoma,geneva,sans-serif;\"><span style=\"color: #262626;\">Einen Fisch mit optimaler Flossenstellung und am Besten von der Seite zu fotografieren gelingt dagegen fast nie. Sie bewegen sich st\u00e4ndig und schnell. Die st\u00f6renden Hintergr\u00fcnde lenken ebenfalls vom Wesentlichen ab. Mit Hilfe der Digitalisierung und Bildverarbeitungsprogrammen fand ich schliesslich eine L\u00f6sung. Zun\u00e4chst w\u00e4hle ich ein Hauptbild des Tieres aus und entferne die Hintergr\u00fcnde. Flossenstellungen, die nicht optimal sind entnehme ich aus anderen Bildern des gleichen Tieres. So entsteht aus mehreren Bildern mit Hilfe der Montage ein perfektes Bestimmungsbild der jeweiligen Art.<\/span><\/span><\/span><\/p>\n<p><span style=\"font-size: 14px;\"><span style=\"font-family: tahoma,geneva,sans-serif;\"><span style=\"color: #262626;\">In meiner Laufbahn als Fotograf habe ich in allen \u201eDisziplinen\u201c gearbeitet. Weder die klassischer Presse-, Stock-, Reportagefotografie, noch Werbeproduktionen sind mir fremd. Von allen Disziplinen ist das Fotografieren von Tieren die Schwerste. Sie bleiben weder an der gew\u00fcnschten Stelle, bewegen sich schnell und wenn man gro\u00dfes Pech hat tauchen sie erst gar nicht auf. Wenn das ganze dann noch unter Wasser stattfindet&#8230;<\/span><\/span><\/span><\/p>\n<p><span style=\"font-size: 14px;\"><span style=\"font-family: tahoma,geneva,sans-serif;\"><span style=\"color: #262626;\">Zum Video kam ich, weil Fotografie nur einen Teilaspekt eines Tieres darstellen kann: Sein \u00e4u\u00dferes Erscheinungsbild. Zur Darstellung seines Wesens geh\u00f6rt jedoch auch seine Art sich zu bewegen, als auch sein Verhalten. Das kann man nur filmisch erfassen.<\/span><\/span><\/span><\/p>\n<p><span style=\"font-size: 14px;\"><span style=\"font-family: tahoma,geneva,sans-serif;\"><span style=\"color: #262626;\"><b>Archivierung<\/b><\/span><\/span><\/span><\/p>\n<p><img decoding=\"async\" style=\"width: 100%; height: 100%;\" src=\"https:\/\/HeinzKrimmer.com\/wp-content\/uploads\/2017\/02\/Archiv_800x320.jpg\" alt=\"\" \/><\/p>\n<p><span style=\"font-size: 14px;\"><span style=\"font-family: tahoma,geneva,sans-serif;\"><span style=\"color: #262626;\">All diese Unmengen an Bildern, Videos und Texten m\u00fcssen archiviert werden. Nichts ist schlimmer f\u00fcr einen Fotografen als die Erinnerung an eine gutes Bild, dass man nicht mehr findet. Daf\u00fcr braucht man ein gute Struktur und ein gutes Konzept. Diese bestanden vor der Digitalisierung aus Dia- oder Negativnummern, ausreichend Schr\u00e4nken, Karteikarten und Selbstdisziplin. Nach der Digitalisierung wurde alles anders. Jetzt spielten Datenbanken, Beschriftungssoftware und Festplatten die Hauptrolle. Die Fotografen meiner Generation mussten ihre Archivierung zweimal neu konzipieren. Einmal analog und sp\u00e4ter digital. Ganz zu schweigen von dem Chaos in der \u00dcbergangszeit. Dazu kam die Entwertung des analogen Archivs. Welcher Scann kann heute noch mit der Qualit\u00e4t einer Digitalkamera oder besser \u201efotografierenden Computers\u201c mithalten? Das einzige was uns geblieben ist, ist die Selbstdisziplin. Diese braucht man auch im digitalen Zeitalter.<\/span><\/span><\/span><\/p>\n<p><span style=\"font-size: 14px;\"><span style=\"font-family: tahoma,geneva,sans-serif;\"><span style=\"color: #262626;\">Als Fotograf und Miteigent\u00fcmer einer Bildagentur verbrachte ich ein paar Jahre meines Lebens damit Datenbanken und Software zu konzipieren, die die analoge mit der digitalen Welt verband. Es folgten mit der Zeit auch reine digitale L\u00f6sungen, die vor allem Webanwendungen sind. Datenbanken und Software, die ich konzipiert habe sind heute noch zahlreich bei Beh\u00f6rden, Privatfirmen und Bildagenturen im Einsatz. Eine dieser Multimediadatenbanken f\u00fcr das Internet setze ich auch f\u00fcr meine Datenbank der Meere ein.<\/span><\/span><\/span><\/p>\n<p><span style=\"font-size: 14px;\"><span style=\"font-family: tahoma,geneva,sans-serif;\"><span style=\"color: #262626;\"><b>Geschichte<\/b><\/span><\/span><\/span><\/p>\n<p><img decoding=\"async\" style=\"width: 100%; height: 100%;\" src=\"https:\/\/HeinzKrimmer.com\/wp-content\/uploads\/2017\/02\/54274-800x320.jpg\" alt=\"\" \/><\/p>\n<p><span style=\"font-size: 14px;\"><span style=\"font-family: tahoma,geneva,sans-serif;\"><span style=\"color: #262626;\">In Fotoarchiven lagert unsere Vergangenheit\u00a0und mein Berufsleben hat mich in viele Archive gef\u00fchrt, in denen ich viele Geschichten fand. Man blickt in eine faszinierende Welt. Die Menschen, die Landschaften, die St\u00e4dte, die Pflanzen und die Tiere \u2013 alle existieren nur noch in Form chemischer Prozesse, die sie einmal auf Fotopapier oder Negative gezaubert haben. Ein Blick zur\u00fcck, ein Kulturgut, dass unbedingt bewahrt werden muss. <\/span><\/span><\/span><\/p>\n<p><span style=\"font-size: 14px;\"><span style=\"font-family: tahoma,geneva,sans-serif;\"><span style=\"color: #262626;\">Ein Archiv baue ich gerade selbst auf. Ich sammle seit Jahrzehnten historische Bilder zu den Ozeanen. Sie liegen weltweit zerstreut meistens unbeachtet in irgendwelchen Schr\u00e4nken. <\/span><\/span><\/span><\/p>\n<p><span style=\"font-size: 14px;\"><span style=\"font-family: tahoma,geneva,sans-serif;\"><span style=\"color: #262626;\">Das zeitgeschichtlich bedeutendste\u00a0Archiv fanden mein Kollege Ernst Volland und ich 1991 in Moskau. Die bewegenden und einzigartigen Fotografien von Jewgeni Chaldej. Jeder auch im Westen kannte seine Bilder. Die Hissung der sowjetischen Fahne auf dem Reichstag, die zur Bildikone \u00fcber den Sieg \u00fcber den Faschismus wurde. Die Bilder vom Potsdamer Abkommen und den N\u00fcrnberger Prozessen um nur einige zu nennen. F\u00fcr Deutschlands Geschichte ist er der bedeutendste Kriegsfotograf des Zweiten Weltkrieges. Doch bis dahin kannte man weder in noch sein gesamtes Werk. Zusammen mit ihm werteten wir sechs Jahre\u00a0bis zu seinem Tod 1997 sein Archiv aus. Fanden neue, unbekannte und bedeutende Bilder. Brachten die Fotos und die Bildinformationen zusammen und ver\u00f6ffentlichten mehrere B\u00fccher. Seitdem sind seine Fotos auch mit seinem Namen wieder verbunden. 2008 konnten wir diese Arbeit in der Ausstellung \u201e<\/span><span style=\"color: #262626;\">Der bedeutende Augenblick: Jewgeni Chaldej \u2013 Eine Retrospektive\u201c einem breiten Publikum vorstellen. Unterst\u00fctzt wurde das Projekt von der Kulturstiftung des Bundes.<\/span><\/span><\/span><\/p>\n<p><span style=\"font-size: 14px;\"><span style=\"font-family: tahoma,geneva,sans-serif;\">2013 erstellte ich im Auftrag der Axel Springer SE einen kurzen Film \u00fcber den ersten Weltkrieg, der ausschliesslich aus Animationen historischer Bilder bestand.\u00a0<a href=\"https:\/\/www.youtube.com\/watch?v=IjgDrmMSnRE\" target=\"_blank\" rel=\"noopener\"><span style=\"color: #0000ff;\">Das Ergebnis dieses interessanten Projektes\u00a0kann auf meinem Youtube Kanal angesehen werden.<\/span><\/a><\/span><\/span><\/p>\n<p><span style=\"font-size: 22px;\"><span style=\"font-family: tahoma,geneva,sans-serif;\">Der Lauf des Lebens&#8230;<\/span><\/span><\/p>\n<p><span style=\"font-size: 14px;\"><span style=\"color: #000000;\"><b>Ausbildung<\/b><\/span><\/span><\/p>\n<div style=\"margin-left: 40px;\">\n<ul>\n<li>Gymnasium\/Abitur<\/li>\n<li>Zivildienst<\/li>\n<li>Studium an der FU-Berlin: Journalismus, Geschichte und Germanistik<\/li>\n<li>Advanced open water diver<\/li>\n<\/ul>\n<\/div>\n<div align=\"JUSTIFY\"><\/div>\n<p><span style=\"font-size: 14px;\"><span style=\"color: #000000;\"><b>Beruflicher Werdegang<\/b><\/span><\/span><\/p>\n<div style=\"margin-left: 40px;\">\n<ul>\n<li>Seit 1984 bis heute arbeite ich\u00a0als freier Journalist<\/li>\n<li>1985 Mitarbeiter des Kunstamtes Sch\u00f6neberg, Berlin. Hier konnte ich an der ersten Ausstellung von Robert Capa in Deutschland mitarbeiten<\/li>\n<li>1986 Zusammen mit Ernst Volland Gr\u00fcndung der Fotoagentur Voller Ernst<\/li>\n<li>1991 Gr\u00fcndung der Firma Diasystems GmbH;\u00a0Konzeption digitaler Archivl\u00f6sungen<\/li>\n<li>1991 &#8211; 1997 Zusammen mit Ernst Volland Aufarbeitung des bedeutenden Archives von Jewgeni Chaldej<\/li>\n<li>1998 begann ich mit der Aufarbeitung meiner seit 1982 entstandenen Recherchen \u00fcber die Ozeane<\/li>\n<li>1999 startete die Sammlung \u00fcber historischen Meeresbilder<\/li>\n<li>Seit 2000 widmete ich mich vorrangig mit meinen fotografischen, filmischen und journalistischen Arbeiten den Ozeanen<\/li>\n<li>2010 &#8211; 2017\u00a0Dozent an der Hochschule Hannover: Fakult\u00e4t III \u2013 Medien<\/li>\n<li>2012 &#8211; 2014 \u00a0Referent bei der Junioruniversit\u00e4t des Berliner Zoos<\/li>\n<li>2010 &#8211; 2017\u00a0Dozent an der Hochschule Hannover: Fakult\u00e4t III \u2013 Medien<\/li>\n<li>Ab 2021 Referent bei Voiio, Berlin<\/li>\n<li>2019 &#8211; 2022 Universit\u00e4t Bremen, Abteilung Marine \u00d6kologie, t\u00e4tig im Organisationteam von Prof. Dr. Christian Wild zur Vorbereitung und Durchf\u00fchrung des ICRS 2021 und 2022. Verantwortlich f\u00fcr die \u00d6ffentlichkeitsarbeit.<\/li>\n<\/ul>\n<\/div>\n<p align=\"JUSTIFY\">\n","protected":false},"excerpt":{"rendered":"<p>Vier Hauptthemen stehen im Fokus meines Interesses. Biologie mit dem Schwerpunkt Meeresbiologie, Fotografie\/Video, Geschichte und Archivierung. Klingt auf den ersten Blick sehr unterschiedlich, l\u00e4sst sich aber gut verbinden. Biologie\/Meeresbiologie Schon als Kind und Jugendlicher war meine Begeisterung f\u00fcr Tiere nicht zu \u00fcbersehen. Zum Leidwesen meiner Eltern verwandelte ich mein Zimmer und gro\u00dfe Teile des Kellers &hellip; <\/p>\n<p class=\"link-more\"><a href=\"https:\/\/HeinzKrimmer.com\/?page_id=11\" class=\"more-link\"><span class=\"screen-reader-text\">\u201e\u00fcber mich\u201c<\/span> weiterlesen<\/a><\/p>\n","protected":false},"author":1,"featured_media":0,"parent":0,"menu_order":0,"comment_status":"closed","ping_status":"closed","template":"","meta":{"footnotes":""},"class_list":["post-11","page","type-page","status-publish","hentry"],"_links":{"self":[{"href":"https:\/\/HeinzKrimmer.com\/index.php?rest_route=\/wp\/v2\/pages\/11","targetHints":{"allow":["GET"]}}],"collection":[{"href":"https:\/\/HeinzKrimmer.com\/index.php?rest_route=\/wp\/v2\/pages"}],"about":[{"href":"https:\/\/HeinzKrimmer.com\/index.php?rest_route=\/wp\/v2\/types\/page"}],"author":[{"embeddable":true,"href":"https:\/\/HeinzKrimmer.com\/index.php?rest_route=\/wp\/v2\/users\/1"}],"replies":[{"embeddable":true,"href":"https:\/\/HeinzKrimmer.com\/index.php?rest_route=%2Fwp%2Fv2%2Fcomments&post=11"}],"version-history":[{"count":37,"href":"https:\/\/HeinzKrimmer.com\/index.php?rest_route=\/wp\/v2\/pages\/11\/revisions"}],"predecessor-version":[{"id":573,"href":"https:\/\/HeinzKrimmer.com\/index.php?rest_route=\/wp\/v2\/pages\/11\/revisions\/573"}],"wp:attachment":[{"href":"https:\/\/HeinzKrimmer.com\/index.php?rest_route=%2Fwp%2Fv2%2Fmedia&parent=11"}],"curies":[{"name":"wp","href":"https:\/\/api.w.org\/{rel}","templated":true}]}}