{"id":19,"date":"2017-01-25T17:59:44","date_gmt":"2017-01-25T17:59:44","guid":{"rendered":"http:\/\/HeinzKrimmer.com\/?page_id=19"},"modified":"2022-12-14T17:10:23","modified_gmt":"2022-12-14T17:10:23","slug":"frau","status":"publish","type":"page","link":"https:\/\/HeinzKrimmer.com\/?page_id=19","title":{"rendered":"Impressum"},"content":{"rendered":"<p><span style=\"font-family: arial,helvetica,sans-serif;\"><span style=\"color: #000000;\"><b>Heinz Krimmer<\/b><\/span><\/span><\/p>\n<div><span style=\"color: #000000; font-family: arial, helvetica, sans-serif;\"><span style=\"caret-color: #000000;\">Eylauerstra\u00dfe 25<\/span><\/span><\/div>\n<div><span style=\"font-family: arial,helvetica,sans-serif;\"><span style=\"color: #000000;\">10965 Berlin<\/span><\/span><\/div>\n<div><span style=\"font-family: arial,helvetica,sans-serif;\"><span style=\"color: #000000;\">Germany<\/span><\/span><\/div>\n<div><\/div>\n<div><\/div>\n<div><span style=\"font-family: arial,helvetica,sans-serif;\"><span style=\"color: #000000;\">E-Mail: heinzkrimmer@gmail.com<\/span><\/span><\/div>\n<div><\/div>\n<div><span style=\"font-family: arial,helvetica,sans-serif;\"><span style=\"color: #000000;\">Finanzamt Friedrichshain-Kreuzberg<\/span><\/span><\/div>\n<div><span style=\"font-family: arial,helvetica,sans-serif;\"><span style=\"color: #000000;\">Umsatzsteuer-ID-Nummer: DE136321792<\/span><\/span><\/div>\n<p><span style=\"font-family: arial,helvetica,sans-serif;\"><span style=\"color: #000000;\"><b>Copyright<\/b><\/span><\/span><\/p>\n<p><span style=\"font-family: arial,helvetica,sans-serif;\"><span style=\"color: #000000;\">Alle auf dieser Webseite ver\u00f6ffentlichten Fotos, Filme und Texte sind urheberrechtlich gesch\u00fctzt. Jede Form der weiteren Nutzung und\/oder Ver\u00f6ffentlichung inkl. des direkten Verlinkens von einzelnen Bildern oder das Einblenden von Seiten in Frames, ist nur mit schriftlicher Genehmigung durch Heinz Krimmer gestattet und honorarpflichtig. <\/span><\/span><\/p>\n<p><span style=\"font-family: arial,helvetica,sans-serif;\"><span style=\"color: #000000;\"><b>Links <\/b><\/span><\/span><\/p>\n<p><span style=\"font-family: arial,helvetica,sans-serif;\"><span style=\"color: #000000;\">Ich habe auf diesen Seiten Links zu anderen Seiten im Internet gesetzt. F\u00fcr alle diese Links gilt: Ich m\u00f6chte ausdr\u00fccklich betonen, dass ich keinerlei Einflu\u00df auf die Gestaltung und die Inhalte der gelinkten Seiten habe. Deshalb distanziere ich mich hiermit ausdr\u00fccklich von allen Inhalten aller gelinkten Seiten auf dieser gesamten Webseite inkl. aller Unterseiten. Diese Erkl\u00e4rung gilt f\u00fcr alle auf meiner Homepage ausgebrachten Links und f\u00fcr alle Inhalte der Seiten, zu denen Links oder Banner f\u00fchren.<\/span><\/span><\/p>\n<p><span style=\"font-family: arial,helvetica,sans-serif;\"><span style=\"color: #000000;\"><b>Rechtshinweis<\/b><\/span><\/span><\/p>\n<p><span style=\"font-family: arial,helvetica,sans-serif;\"><span style=\"color: #000000;\">Alle Informationen auf der Webseite www.heinzkrimmer.com wurden sorgf\u00e4ltig zusammengestellt und gepr\u00fcft. Dennoch k\u00f6nnen Fehler nicht ausgeschlossen werden. Der Betreiber der Seiten haftet nicht f\u00fcr Sch\u00e4den aller Art, die durch fehlerhafte Informationen entstanden sind.<\/span><\/span><\/p>\n<p><span style=\"font-family: arial,helvetica,sans-serif;\"><span style=\"color: #000000;\"><b>\u00a9 2022 Heinz Krimmer, Berlin<\/b><\/span><\/span><\/p>\n","protected":false},"excerpt":{"rendered":"<p>Heinz Krimmer Eylauerstra\u00dfe 25 10965 Berlin Germany E-Mail: heinzkrimmer@gmail.com Finanzamt Friedrichshain-Kreuzberg Umsatzsteuer-ID-Nummer: DE136321792 Copyright Alle auf dieser Webseite ver\u00f6ffentlichten Fotos, Filme und Texte sind urheberrechtlich gesch\u00fctzt. Jede Form der weiteren Nutzung und\/oder Ver\u00f6ffentlichung inkl. des direkten Verlinkens von einzelnen Bildern oder das Einblenden von Seiten in Frames, ist nur mit schriftlicher Genehmigung durch Heinz Krimmer &hellip; <\/p>\n<p class=\"link-more\"><a href=\"https:\/\/HeinzKrimmer.com\/?page_id=19\" class=\"more-link\"><span class=\"screen-reader-text\">\u201eImpressum\u201c<\/span> weiterlesen<\/a><\/p>\n","protected":false},"author":1,"featured_media":0,"parent":0,"menu_order":0,"comment_status":"closed","ping_status":"closed","template":"","meta":{"footnotes":""},"class_list":["post-19","page","type-page","status-publish","hentry"],"_links":{"self":[{"href":"https:\/\/HeinzKrimmer.com\/index.php?rest_route=\/wp\/v2\/pages\/19","targetHints":{"allow":["GET"]}}],"collection":[{"href":"https:\/\/HeinzKrimmer.com\/index.php?rest_route=\/wp\/v2\/pages"}],"about":[{"href":"https:\/\/HeinzKrimmer.com\/index.php?rest_route=\/wp\/v2\/types\/page"}],"author":[{"embeddable":true,"href":"https:\/\/HeinzKrimmer.com\/index.php?rest_route=\/wp\/v2\/users\/1"}],"replies":[{"embeddable":true,"href":"https:\/\/HeinzKrimmer.com\/index.php?rest_route=%2Fwp%2Fv2%2Fcomments&post=19"}],"version-history":[{"count":14,"href":"https:\/\/HeinzKrimmer.com\/index.php?rest_route=\/wp\/v2\/pages\/19\/revisions"}],"predecessor-version":[{"id":585,"href":"https:\/\/HeinzKrimmer.com\/index.php?rest_route=\/wp\/v2\/pages\/19\/revisions\/585"}],"wp:attachment":[{"href":"https:\/\/HeinzKrimmer.com\/index.php?rest_route=%2Fwp%2Fv2%2Fmedia&parent=19"}],"curies":[{"name":"wp","href":"https:\/\/api.w.org\/{rel}","templated":true}]}}