{"id":267,"date":"2017-01-31T14:00:48","date_gmt":"2017-01-31T14:00:48","guid":{"rendered":"http:\/\/HeinzKrimmer.com\/?page_id=267"},"modified":"2022-12-14T17:25:29","modified_gmt":"2022-12-14T17:25:29","slug":"veroeffentlichungen","status":"publish","type":"page","link":"https:\/\/HeinzKrimmer.com\/?page_id=267","title":{"rendered":"Ver\u00f6ffentlichungen vor 2012"},"content":{"rendered":"<p><span style=\"font-size: 22px;\"><span style=\"font-family: tahoma,geneva,sans-serif;\">B\u00fccher &amp; diverses&#8230;<\/span><\/span><\/p>\n<div>\n<div><\/div>\n<div><\/div>\n<div><img decoding=\"async\" style=\"width: 100%; height: 100%;\" src=\"https:\/\/HeinzKrimmer.com\/wp-content\/uploads\/2017\/01\/Kriegstagebuch2.jpg\" alt=\"\"><\/div>\n<div><\/div>\n<div>Das Kriegstagebuch war das letzte Buch von Jewgeni Chaldej, das von Ernst Volland und mir herausgegen wurde. Wir hatten das Gl\u00fcck diesen ber\u00fchmten Kriegsfotografen noch pers\u00f6nlich kennen zu lernen. Zusammen mit ihm arbeiteten wir \u00fcber sechs Jahre sein Archiv auf und ver\u00f6ffentlichten insgesamt drei B\u00fccher. Im Martin-Gropius-Bau im Berlin konnten wir in Zusammenarbeit mit der Kulturstiftung des Bundes 2008 sein Werk in einer gro\u00dfen Retrospektive in einer Ausstellung einem gr\u00f6\u00dferen Publikum zug\u00e4nglich machen. Bisher erschienen:<\/div>\n<div><\/div>\n<div>\n<div><strong>Jewgeni Chaldej &#8211; Kriegstagebuch<\/strong><\/div>\n<div>Herausgeber: Ernst Volland &amp; Heinz Krimmer<\/div>\n<div>Verlag: Das Neue Berlin<\/div>\n<div>Erscheinungsdatum: 2011<\/div>\n<div>Vergriffen<\/div>\n<div><a href=\"https:\/\/www.amazon.de\/Kriegstagebuch-Jewgeni-Chaldej\/dp\/3360021134\" target=\"_blank\" rel=\"noopener\"><span style=\"color: #0000ff;\">Gebraucht bei Amazon&#8230;<\/span><\/a><\/div>\n<div><\/div>\n<div>\n<div><strong>Der bedeutende Augenblick: Jewgeni Chaldej &#8211; Eine Retrospektive\u200b<\/strong><\/div>\n<div>Herausgeber: Ernst Volland &amp; Heinz Krimmer<\/div>\n<div>Verlag: Neuer Europa Verlag<\/div>\n<div>Erscheinungsdatum: 2008<\/div>\n<div>Vergriffen<\/div>\n<div><a href=\"https:\/\/www.amazon.de\/bedeutende-Augenblick-Jewgeni-Chaldej-Retrospektive\/dp\/3866951213\/ref=sr_1_3?s=books&amp;ie=UTF8&amp;qid=1485885237&amp;sr=1-3\" target=\"_blank\" rel=\"noopener\"><span style=\"color: #0000ff;\">Gebraucht bei Amazon&#8230;<\/span><\/a><\/div>\n<div><\/div>\n<\/div>\n<div>\n<div><strong>Von Moskau nach Berlin. Bilder des russischen Fotografen Jewgeni Chaldej\u200b<\/strong><\/div>\n<div>Herausgeber: Ernst Volland &amp; Heinz Krimmer<\/div>\n<div>Verlag: Nicolai Verlag, Berlin<\/div>\n<div>Erscheinungsdatum: 1997<\/div>\n<div>Vergriffen<\/div>\n<div><a href=\"https:\/\/www.amazon.de\/Berlin-russischen-Fotografen-Jewgeni-Chaldej\/dp\/3875845226\/ref=sr_1_1?s=books&amp;ie=UTF8&amp;qid=1485886111&amp;sr=1-1&amp;keywords=chaldej\" target=\"_blank\" rel=\"noopener\"><span style=\"color: #0000ff;\">Gebraucht bei Amazon&#8230;<\/span><\/a><\/div>\n<\/div>\n<\/div>\n<div><span style=\"font-size: 22px;\"><span style=\"font-family: tahoma,geneva,sans-serif;\">Presse<\/span><\/span><\/div>\n<div><\/div>\n<div><img decoding=\"async\" style=\"width: 100%; height: 100%;\" src=\"https:\/\/HeinzKrimmer.com\/wp-content\/uploads\/2017\/01\/maretitel.jpg\" alt=\"\"><\/div>\n<div><\/div>\n<div><span style=\"font-size: 14px;\"><span style=\"font-family: tahoma,geneva,sans-serif;\">Die Zeitschrift &#8222;Mare&#8220; ist das sch\u00f6nste Magazin im deutschsprachigen Raum, das sich allen Aspekten der Ozeane widmet. Ich freue mich sehr, dass ich auch den einen oder anderen Beitrag leisten konnte. Bisher von mir bei &#8222;mare&#8220;&nbsp;erschienen:<\/span><\/span><\/div>\n<div><\/div>\n<div><strong><span style=\"font-size: 14px;\"><span style=\"font-family: tahoma,geneva,sans-serif;\">Jewgeni Chaldej &#8211; Der Fotograf der Roten Flotte<\/span><\/span><\/strong><\/div>\n<div><a href=\"http:\/\/www.mare.de\/index.php?article_id=399\" target=\"_blank\" rel=\"noopener\"><span style=\"color: #0000ff;\"><span style=\"font-size: 14px;\"><span style=\"font-family: tahoma,geneva,sans-serif;\">Artikel lesen&#8230;<\/span><\/span><\/span><\/a><\/div>\n<div><\/div>\n<div>\n<div><strong>Wie Russlands Film das Tauchen lernte\u200b<\/strong><\/div>\n<div><a href=\"http:\/\/www.mare.de\/index.php?article_id=2860\" target=\"_blank\" rel=\"noopener\"><span style=\"color: #0000ff;\"><span style=\"font-size: 14px;\"><span style=\"font-family: tahoma,geneva,sans-serif;\">Artikel lesen&#8230;<\/span><\/span><\/span><\/a><\/div>\n<div><\/div>\n<div>\n<div><strong>\u201eSicherheit ist nicht sexy\u201c\u200b<\/strong><\/div>\n<div><a href=\"http:\/\/www.mare.de\/index.php?article_id=3264\" target=\"_blank\" rel=\"noopener\"><span style=\"color: #0000ff;\"><span style=\"font-size: 14px;\"><span style=\"font-family: tahoma,geneva,sans-serif;\">Artikel lesen&#8230;<\/span><\/span><\/span><\/a><\/div>\n<div><\/div>\n<div>\n<div><strong><span style=\"font-size: 14px;\"><span style=\"font-family: tahoma,geneva,sans-serif;\">Krieg? Welcher Krieg?<\/span><\/span><\/strong><\/div>\n<div><span style=\"font-size: 14px;\"><span style=\"font-family: tahoma,geneva,sans-serif;\">Mare 111<\/span><\/span><\/div>\n<div><span style=\"font-family: tahoma, geneva, sans-serif;\"><span style=\"font-size: 14px;\">Leider nicht online verf\u00fcgbar<\/span><\/span><\/div>\n<p><img decoding=\"async\" style=\"width: 100%; height: 100%;\" src=\"https:\/\/HeinzKrimmer.com\/wp-content\/uploads\/2017\/01\/FAZ_steigender_Meeresspiegel-Kopie.jpg\" alt=\"\"><\/p>\n<p><span style=\"font-size: 14px;\"><span style=\"font-family: tahoma,geneva,sans-serif;\">Seit 1986 arbeite ich als Text- und vor allem Bildjournalist. Meine Ver\u00f6ffentlichungen in deutschen und internationalen Medien sind so zahlreich, dass ich lediglich diese Ver\u00f6ffentlichung zum Thema Klimawandel in der FAZ&nbsp;hier beispielhaft anf\u00fchren m\u00f6chte. Ich arbeite mit zahlreichen Presse- und Bildarchiven im In- und Ausland zusammen, darunter z.B. die Deutsche Presse-Agentur&nbsp;(dpa).<\/span><\/span><\/p>\n<\/div>\n<\/div>\n<\/div>\n<\/div>\n","protected":false},"excerpt":{"rendered":"<p>B\u00fccher &amp; diverses&#8230; Das Kriegstagebuch war das letzte Buch von Jewgeni Chaldej, das von Ernst Volland und mir herausgegen wurde. Wir hatten das Gl\u00fcck diesen ber\u00fchmten Kriegsfotografen noch pers\u00f6nlich kennen zu lernen. Zusammen mit ihm arbeiteten wir \u00fcber sechs Jahre sein Archiv auf und ver\u00f6ffentlichten insgesamt drei B\u00fccher. Im Martin-Gropius-Bau im Berlin konnten wir in &hellip; <\/p>\n<p class=\"link-more\"><a href=\"https:\/\/HeinzKrimmer.com\/?page_id=267\" class=\"more-link\"><span class=\"screen-reader-text\">\u201eVer\u00f6ffentlichungen vor 2012\u201c<\/span> weiterlesen<\/a><\/p>\n","protected":false},"author":1,"featured_media":0,"parent":0,"menu_order":0,"comment_status":"closed","ping_status":"closed","template":"","meta":{"footnotes":""},"class_list":["post-267","page","type-page","status-publish","hentry"],"_links":{"self":[{"href":"https:\/\/HeinzKrimmer.com\/index.php?rest_route=\/wp\/v2\/pages\/267","targetHints":{"allow":["GET"]}}],"collection":[{"href":"https:\/\/HeinzKrimmer.com\/index.php?rest_route=\/wp\/v2\/pages"}],"about":[{"href":"https:\/\/HeinzKrimmer.com\/index.php?rest_route=\/wp\/v2\/types\/page"}],"author":[{"embeddable":true,"href":"https:\/\/HeinzKrimmer.com\/index.php?rest_route=\/wp\/v2\/users\/1"}],"replies":[{"embeddable":true,"href":"https:\/\/HeinzKrimmer.com\/index.php?rest_route=%2Fwp%2Fv2%2Fcomments&post=267"}],"version-history":[{"count":60,"href":"https:\/\/HeinzKrimmer.com\/index.php?rest_route=\/wp\/v2\/pages\/267\/revisions"}],"predecessor-version":[{"id":591,"href":"https:\/\/HeinzKrimmer.com\/index.php?rest_route=\/wp\/v2\/pages\/267\/revisions\/591"}],"wp:attachment":[{"href":"https:\/\/HeinzKrimmer.com\/index.php?rest_route=%2Fwp%2Fv2%2Fmedia&parent=267"}],"curies":[{"name":"wp","href":"https:\/\/api.w.org\/{rel}","templated":true}]}}